{"id":1191,"date":"2025-10-21T14:53:08","date_gmt":"2025-10-21T17:53:08","guid":{"rendered":"https:\/\/isfd139-bue.infd.edu.ar\/sitio\/?page_id=1191"},"modified":"2025-10-21T14:53:11","modified_gmt":"2025-10-21T17:53:11","slug":"profesorado-de-educacion-especial-en-sus-cuatro-especialidades-intelectual-neuromotor-sordos-e-hipoacusicos-ciegos-y-dismuidos-visuales","status":"publish","type":"page","link":"https:\/\/isfd139-bue.infd.edu.ar\/sitio\/profesorado-de-educacion-especial-en-sus-cuatro-especialidades-intelectual-neuromotor-sordos-e-hipoacusicos-ciegos-y-dismuidos-visuales\/","title":{"rendered":"Profesorado de Educaci\u00f3n Especial en sus cuatro especialidades: Intelectual, Neuromotor, Sordos e Hipoac\u00fasicos, Ciegos y Dismu\u00eddos visuales"},"content":{"rendered":"\n<p>Dise\u00f1o Curricular:<\/p>\n\n\n\n<div class=\"wp-block-file\"><object class=\"wp-block-file__embed\" data=\"https:\/\/isfd139-bue.infd.edu.ar\/sitio\/wp-content\/uploads\/2025\/10\/res1009-09_educ_especial.pdf\" type=\"application\/pdf\" style=\"width:100%;height:600px\" aria-label=\"Incrustado de res1009-09_educ_especial.\"><\/object><a id=\"wp-block-file--media-e9582ebd-b8df-4dc7-b3f8-ab5df19569ca\" href=\"https:\/\/isfd139-bue.infd.edu.ar\/sitio\/wp-content\/uploads\/2025\/10\/res1009-09_educ_especial.pdf\">res1009-09_educ_especial<\/a><a href=\"https:\/\/isfd139-bue.infd.edu.ar\/sitio\/wp-content\/uploads\/2025\/10\/res1009-09_educ_especial.pdf\" class=\"wp-block-file__button wp-element-button\" download aria-describedby=\"wp-block-file--media-e9582ebd-b8df-4dc7-b3f8-ab5df19569ca\">Descarga<\/a><\/div>\n","protected":false},"excerpt":{"rendered":"<p>Dise\u00f1o Curricular:<\/p>\n","protected":false},"author":392,"featured_media":0,"parent":0,"menu_order":0,"comment_status":"closed","ping_status":"closed","template":"","meta":[],"acf":[],"_links":{"self":[{"href":"https:\/\/isfd139-bue.infd.edu.ar\/sitio\/wp-json\/wp\/v2\/pages\/1191"}],"collection":[{"href":"https:\/\/isfd139-bue.infd.edu.ar\/sitio\/wp-json\/wp\/v2\/pages"}],"about":[{"href":"https:\/\/isfd139-bue.infd.edu.ar\/sitio\/wp-json\/wp\/v2\/types\/page"}],"author":[{"embeddable":true,"href":"https:\/\/isfd139-bue.infd.edu.ar\/sitio\/wp-json\/wp\/v2\/users\/392"}],"replies":[{"embeddable":true,"href":"https:\/\/isfd139-bue.infd.edu.ar\/sitio\/wp-json\/wp\/v2\/comments?post=1191"}],"version-history":[{"count":1,"href":"https:\/\/isfd139-bue.infd.edu.ar\/sitio\/wp-json\/wp\/v2\/pages\/1191\/revisions"}],"predecessor-version":[{"id":1194,"href":"https:\/\/isfd139-bue.infd.edu.ar\/sitio\/wp-json\/wp\/v2\/pages\/1191\/revisions\/1194"}],"wp:attachment":[{"href":"https:\/\/isfd139-bue.infd.edu.ar\/sitio\/wp-json\/wp\/v2\/media?parent=1191"}],"curies":[{"name":"wp","href":"https:\/\/api.w.org\/{rel}","templated":true}]}}