{"id":767,"date":"2018-08-29T16:58:20","date_gmt":"2018-08-29T19:58:20","guid":{"rendered":"https:\/\/isfd139-bue.infd.edu.ar\/sitio\/datos-institucionales\/"},"modified":"2023-12-14T19:29:40","modified_gmt":"2023-12-14T22:29:40","slug":"datos-institucionales","status":"publish","type":"page","link":"https:\/\/isfd139-bue.infd.edu.ar\/sitio\/datos-institucionales\/","title":{"rendered":"Datos institucionales"},"content":{"rendered":"<blockquote>\n<p style=\"text-align: center;\"><span style=\"color: #0000ff; font-size: 14pt;\"><strong><span style=\"font-family: tahoma, arial, helvetica, sans-serif;\"><span style=\"font-family: verdana;\">ESCUELA NORMAL SUPERIOR \u00abMARIANO MORENO\u00bb<\/span><\/span><\/strong><\/span><\/p>\n<p style=\"text-align: center;\"><span style=\"font-size: 14pt;\"><span style=\"color: #0000ff;\"><strong><span style=\"font-family: tahoma, arial, helvetica, sans-serif;\"><span style=\"font-family: verdana;\">I. S. F. D. y T. N\u00b0 139<\/span><\/span><\/strong><\/span><span style=\"color: #0000ff;\"><strong><span style=\"font-family: tahoma, arial, helvetica, sans-serif;\"><span style=\"font-family: verdana;\">\u00a0<\/span><\/span><\/strong><\/span><\/span><\/p>\n<p><span style=\"color: #0000ff; font-size: 12pt;\"><strong><span style=\"font-family: tahoma, arial, helvetica, sans-serif;\"><span style=\"font-family: verdana;\">Horarios de atenci\u00f3n: <span style=\"color: #000000;\">17:30 A 21:30<\/span><\/span>\u00a0<\/span><\/strong><\/span><\/p>\n<p><span style=\"color: #0000ff; font-size: 12pt;\"><strong><span style=\"font-family: tahoma, arial, helvetica, sans-serif;\"><span style=\"font-family: verdana;\">Direcci\u00f3n: <span style=\"color: #000000;\">16 de Julio 195 (e\/ Maestra Juana Basso y Nicol\u00e1s Petroni) &#8211; Carmen de Areco, Prov. de Buenos Aires<\/span><\/span><\/span><\/strong><\/span><\/p>\n<p><span style=\"font-size: 12pt;\"><span style=\"color: #0000ff;\"><strong><span style=\"font-family: tahoma, arial, helvetica, sans-serif;\"><span style=\"font-family: verdana;\">Tel\u00e9fonos:\u00a0\u00a0 <\/span><\/span><\/strong><\/span><\/span><span style=\"color: #000000; font-size: 12pt;\"><strong><span style=\"font-family: tahoma, arial, helvetica, sans-serif;\"><span style=\"font-family: verdana;\">(<strong><span style=\"font-family: tahoma, arial, helvetica, sans-serif;\"><span style=\"font-family: verdana;\">02273) 44-0091 &#8211; <span style=\"font-size: 12pt;\"><span style=\"color: #000000;\">Preceptor\u00eda &#8211; <\/span><\/span>Secretar\u00eda &#8211; Direcci\u00f3n<\/span><\/span><\/strong><\/span><\/span><\/strong><\/span><\/p>\n<p><span style=\"color: #0000ff; font-size: 12pt;\"><strong><span style=\"font-family: tahoma, arial, helvetica, sans-serif;\"><span style=\"font-family: verdana;\">E-mail de consultas: <a href=\"mailto:isfd139carmendeareco@abc.gob.ar\"><span style=\"color: #000000;\">isfd139carmendeareco@abc.gob.ar<\/span><\/a><\/span><\/span><\/strong><\/span><\/p>\n<p><span style=\"color: #0000ff; font-size: 12pt;\"><strong><span style=\"font-family: tahoma, arial, helvetica, sans-serif;\"><span style=\"font-family: verdana;\">URL: <span style=\"color: #000000;\">http\/\/isfd139.bue.infd.edu.ar\u00a0<\/span><\/span><\/span><\/strong><\/span><\/p><\/blockquote>\n","protected":false},"excerpt":{"rendered":"<p>ESCUELA NORMAL SUPERIOR \u00abMARIANO MORENO\u00bb I. S. F. D. y T. N\u00b0 139\u00a0 Horarios de atenci\u00f3n: 17:30 A 21:30\u00a0 Direcci\u00f3n: 16 de Julio 195 (e\/ Maestra Juana Basso y Nicol\u00e1s Petroni) &#8211; Carmen de Areco, Prov. de Buenos Aires Tel\u00e9fonos:\u00a0\u00a0 (02273) 44-0091 &#8211; Preceptor\u00eda &#8211; Secretar\u00eda &#8211; Direcci\u00f3n E-mail de consultas: isfd139carmendeareco@abc.gob.ar URL: http\/\/isfd139.bue.infd.edu.ar\u00a0<\/p>\n","protected":false},"author":117,"featured_media":0,"parent":0,"menu_order":0,"comment_status":"closed","ping_status":"closed","template":"","meta":[],"acf":[],"_links":{"self":[{"href":"https:\/\/isfd139-bue.infd.edu.ar\/sitio\/wp-json\/wp\/v2\/pages\/767"}],"collection":[{"href":"https:\/\/isfd139-bue.infd.edu.ar\/sitio\/wp-json\/wp\/v2\/pages"}],"about":[{"href":"https:\/\/isfd139-bue.infd.edu.ar\/sitio\/wp-json\/wp\/v2\/types\/page"}],"author":[{"embeddable":true,"href":"https:\/\/isfd139-bue.infd.edu.ar\/sitio\/wp-json\/wp\/v2\/users\/117"}],"replies":[{"embeddable":true,"href":"https:\/\/isfd139-bue.infd.edu.ar\/sitio\/wp-json\/wp\/v2\/comments?post=767"}],"version-history":[{"count":3,"href":"https:\/\/isfd139-bue.infd.edu.ar\/sitio\/wp-json\/wp\/v2\/pages\/767\/revisions"}],"predecessor-version":[{"id":1028,"href":"https:\/\/isfd139-bue.infd.edu.ar\/sitio\/wp-json\/wp\/v2\/pages\/767\/revisions\/1028"}],"wp:attachment":[{"href":"https:\/\/isfd139-bue.infd.edu.ar\/sitio\/wp-json\/wp\/v2\/media?parent=767"}],"curies":[{"name":"wp","href":"https:\/\/api.w.org\/{rel}","templated":true}]}}